890147 (base 10) in base 12?
-238342b
-2144104 (base 6) to base 4
-122022220
What is 6100060 (base 7) in base 10?
722743
What is -31132111 (base 6) in base 10?
-898603
What is -2ba4a (base 12) in base 8?
-171032
Convert 3305222 (base 6) to base 9.
270535
What is 6548473 (base 9) in base 16?
35a7c5
Convert -5d75 (base 14) to base 7.
-65505
What is 1101110001110111111101 (base 2) in base 15?
4b5407
-1330767 (base 9) to base 11
-4586a6
Convert 9442765 (base 10) to base 6.
534220301
-100505547 (base 8) to base 7
-264010226
Convert b625b (base 13) to base 4.
1100001113
What is 102122322133 (base 4) in base 9?
10068817
-92fbb (base 16) to base 4
-2102332323
Convert -482e2e (base 15) to base 2.
-1101001010111000011100
What is -5e15e (base 15) in base 13?
-a6b2c
What is -35304350 (base 6) in base 15?
-16a263
What is -1241232 (base 8) in base 11?
-216001
3410144 (base 8) to base 15
13316a
Convert -bc7390 (base 13) to base 11.
-2565073
What is 124334506 (base 7) in base 5?
4013113410
Convert -854405 (base 10) to base 9.
-1542018
What is 282239 (base 10) in base 14?
74bdd
203140533 (base 7) to base 13
260c8a7
What is -4182079 (base 10) in base 3?
-21212110201211
What is 1320201022 (base 5) in base 9?
6160710
-d87a (base 16) to base 3
-2211000112
What is 10425244 (base 6) in base 8?
1146674
Convert -4656433 (base 9) to base 11.
-146a55a
Convert 5962c (base 15) to base 9.
473716
Convert 10134244 (base 5) to base 6.
1443255
Convert 29025 (base 15) to base 11.
8aa11
-177a029 (base 11) to base 3
-12200011110021
Convert -12011202200202 (base 3) to base 2.
-1010011111101000101111
-72c7b (base 13) to base 6
-4231443
Convert 97962 (base 11) to base 3.
21020010021
Convert 1101010001001011100111 (base 2) to base 11.
1a66293
What is 806b (base 12) in base 9?
21062
What is -5055212 (base 6) in base 9?
-406428
Convert -1010101111001101 (base 2) to base 15.
-d071
Convert 112320221030 (base 4) to base 14.
b2240c
Convert 86097 (base 10) to base 7.
506004
1214544 (base 7) to base 15
31043
163733 (base 12) to base 14
9c419
What is 12235691 (base 10) in base 7?
206000366
Convert 3346c (base 14) to base 2.
11110010111001000
Convert -2201110021012 (base 3) to base 16.
-160fa9
-1a85a83 (base 13) to base 6
-512112453
-72be69 (base 15) to base 16
-534561
What is 8989e3 (base 15) in base 6?
352333423
What is -23375 (base 13) in base 14?
-19620
Convert 239316 (base 10) to base 15.
4ad96
-2716a (base 11) to base 3
-1222012220
-443722 (base 8) to base 4
-210133102
-2ba4d7 (base 15) to base 3
-10222020000211
Convert 1011113 (base 4) to base 16.
1157
223085 (base 14) to base 9
2158320
What is -12011120000 (base 4) in base 7?
-16361540
Convert -543627 (base 8) to base 6.
-3523211
What is -20263740 (base 8) in base 6?
-231512332
Convert 1acbe (base 16) to base 10.
109758
-6ab53b (base 12) to base 13
-482c36
Convert -1b307 (base 13) to base 15.
-10b97
What is -124034411 (base 5) in base 6?
-21040400
What is 343211042 (base 5) in base 12?
622254
214111232 (base 5) to base 9
1660875
Convert -96002f (base 16) to base 7.
-146362124
What is 58b2 (base 16) in base 15?
6adb
What is 877014 (base 9) in base 14?
d8a83
Convert 560412 (base 7) to base 9.
160276
What is 2506232 (base 7) in base 10?
321512
What is -9dc3c6 (base 15) in base 6?
-425250553
-2440335 (base 6) to base 10
-129731
1763700 (base 8) to base 3
222022200011
What is 32023443 (base 6) in base 14?
1a5431
Convert -20221002101 (base 3) to base 6.
-2531231
What is -4a5636 (base 11) in base 4?
-3002311102
Convert -5156e (base 15) to base 9.
-432475
Convert -223052 (base 10) to base 2.
-110110011101001100
Convert -20003012 (base 4) to base 7.
-165053
What is -33343322 (base 6) in base 15?
-14dea8
Convert 5251012 (base 7) to base 11.
3a3550
Convert 535636 (base 13) to base 10.
1954192
What is -30c4916 (base 13) in base 15?
-1480192
-13034747 (base 8) to base 9
-5406772
What is -211101020 (base 4) in base 15?
-30368
What is -1551151 (base 6) in base 9?
-150544
Convert 3200440 (base 6) to base 15.
311e3
-2722815 (base 9) to base 13
-402b33
Convert -3d3e9d (base 15) to base 14.
-56ad4d
-56113144 (base 8) to base 10
-12097124
517061 (base 8) to base 9
281312
-560022 (base 7) to base 12
-48b89
-11208820 (base 10) to base 9
-23073544
Convert 277243 (base 8) to base 16.
17ea3
What is 5055100 (base 6) in base 13?
8583c
Convert 6a50 (base 12) to base 16.
2e5c
What is 38129 (base 16) in base 4?
320010221
Convert -225243 (base 6) to base 14.
-7083
222203323 (base 4) to base 5
21034311
-1132200323 (base 4) to base 8
-1364073
Convert -34683 (base 11) to base 15.
-ec79
What is -c2a01 (base 16) in base 5?
-201002220
Convert 2033884 (base 13) to base 14.
141a356
-10110100001101110110 (base 2) to base 10
-738166
Convert 24817272 (base 9) to base 5.
11104112420
Convert 20628 (base 16) to base 15.
29483
163631 (base 8) to base 9
100286
Convert -809022 (base 11) to base 10.
-1300411
-211121212 (base 3) to base 12
-9665
Convert 39b68 (base 12) to base 11.
54744
Convert -379a5 (base 12) to base 16.
-127cd
Convert -3013122 (base 5) to base 14.
-13664
Convert 135488 (base 9) to base 2.
10100001101011101
What is a15e0 (base 16) in base 7?
5421666
What is -252603 (base 7) in base 2?
-1011011000001010
-561237 (base 11) to base 16
-da6fa
What is 100001100101001010011 (base 2) in base 5?
240202441
What is 116656 (base 7) in base 6?
244001
What is -b20419 (base 12) in base 8?
-12464125
What is -12115435 (base 6) in base 14?
-9dad9
Convert 128667 (base 11) to base 8.
612064
-807b7 (base 13) to base 7
-1645014
-7043115 (base 8) to base 5
-433244010
What is 212cc78 (base 13) in base 15?
d4aa9e
Convert 18066 (base 11) to base 16.
6311
What is -1100100001000000000100 (base 2) in base 14?
-615940
-389aa7 (base 13) to base 14
-277103
686554 (base 13) to base 3
11122111200011
-20237260 (base 9) to base 15
-cbbb43
23000010 (base 4) to base 13
17682
-10021323 (base 5) to base 14
-2100c
Convert -37b7de (base 15) to base 16.
-28c331
220031000232 (base 4) to base 13
2250036
What is -337744 (base 10) in base 5?
-41301434
-40061226 (base 7) to base 5
-1321342124
Convert 200021101022 (base 3) to base 5.
43002200
Convert 27060576 (base 8) to base 5.
3022214040
Convert -50377 (base 11) to base 5.
-4324102
Convert 100011110000000110 (base 2) to base 7.
1146635
-233131332 (base 4) to base 11
-123095
Convert 25040503 (base 6) to base 5.
201023034
Convert -11100203 (base 5) to base 13.
-35170
54230222 (base 6) to base 7
16435502
What is 5773751 (base 8) in base 6?
53400105
What is -22222020202 (base 3) in base 9?
-288222
Convert cac9 (base 15) to base 10.
42939
What is -111101100022 (base 3) in base 2?
-1000000010011111100
What is 61b39 (base 13) in base 2?
101010110101101110
Convert 1567287 (base 9) to base 14.
1897c8
201100110021110 (base 3) to base 15
d81e50
Convert 11461031 (base 7) to base 12.
41415b
What is -1b02023 (base 12) in base 3?
-101202221110000
Convert 22221121102001 (base 3) to base 14.
8bb113
2985c (base 15) to base 12
65320
What is 2a963 (base 13) in base 4?
103230312
What is 1005478 (base 9) in base 4?
2002232321
Convert -282ca (base 14) to base 2.
-11000010000011010
1110220230 (base 4) to base 15
6cab3
What is -4142005 (base 6) in base 5?
-22400041
What is -18b15e (base 16) in base 10?
-1618270
What is -111011010011101110 (base 2) in base 6?
-5112354
8716547 (base 10) to base 5
4212412142
What is 5636061 (base 7) in base 4?
2222200113
1b119 (base 12) to base 8
115745
1b5cd3c (base 14) to base 7
224135405
Convert 54261 (base 8) to base 3.
1011010221
What is 112002001102 (base 3) in base 6?
5534402
-102796 (base 12) to base 3
-110212121120
Convert 6ada93 (base 14) to base 10.
3648865
Convert -23200212302 (base 4) to base 5.
-1233022023
What is 57885a (base 12) in base 2?
101010110110111000110
29d11 (base 14) to base 10
104091
What is -103211 (base 8) in base 2?
-1000011010001001
Convert 5600062 (base 7) to base 6.
22434231
Convert 102100121122 (base 3) to base 8.
664443
What is 66532636 (base 7) in base 13?
125c4c1
Convert 332322 (base 4) to base 10.
4026
13aa9ab (base 13) to base 16
5f5dca
2220310021 (base 4) to base 8
2506411
Convert 3374c (base 14) to base 16.
1e7f8
Convert -1111101101000010100111 (base 2) to base 12.
-146639b
What is -4383573 (base 9) in base 8?
